culate d(o).
-11
Let s(a) = -10*a**3 + 34*a**2 - 21*a + 11. Let r(c) = -7*c**3 + 23*c**2 - 14*c + 7. Let x(d) = -7*r(d) + 5*s(d). Give x(8).
14
Let l(v) be the third derivative of v**6/60 - v**5/30 - v**4/12 + v**3/6 - 22*v**2. Let j be -1 + (-3 - -2)*-3. Let r = 0 + j. Calculate l(r).
5
Let d(p) = p + 7. Let g = 133 + -193. Let n = g - -49. What is d(n)?
-4
Let q(r) be the third derivative of -4*r**2 + 0 + 1/3*r**3 + 0*r - 1/6*r**4. What is q(-3)?
14
Let t(p) = -2*p + 19 - 6*p + 6*p. What is t(11)?
-3
Let l(c) = -2*c - 4. Let y be l(-2). Suppose a = 4 - y. Let r(u) = u**3 - 5*u**2 + 3*u + 1. Determine r(a).
-3
Let p(n) = n**3 - n**2 + 4*n + 4. Let w be p(4). Let h(y) = 146*y - 71*y - w*y. What is h(-1)?
-7
Let n be (-27)/(-2) + (-1)/(-2). Let v = n + -10. Let u(t) be the first derivative of t**3/3 - 2*t**2 - 5*t + 80. What is u(v)?
-5
Let d(j) = 7*j**2 + 13*j - 6. Let x(q) = -4*q**2 - 12*q + 4. Let n(p) = -2*d(p) - 3*x(p). What is n(5)?
0
Let x(i) = 4*i**3 - i**2 - 2*i. Let c be x(-2). Let z = -27 - c. Let s(w) = -w**2 + 7*w - 6. Give s(z).
4
Suppose -4*n - 3*f = n - 77, -3*n - 3*f = -51. Suppose 5*u - 5*r = -55, -r + 0*r - n = 2*u. Let x(q) = 2*q + 12. Determine x(u).
-4
Let c(l) be the first derivative of l**2 - 6*l - 3 - 3 - 2 - 4*l. Calculate c(7).
4
Let l(f) = -6*f**2 - f - 1. Suppose 3*j + 4 + 0 = -4*z, j = 3*z + 16. Suppose j*a = -3*u + 11, -2*a - 10 = -u - 3. Give l(a).
-6
Let h = 19/155 + -26/465. Let a(v) be the third derivative of h*v**5 + 0*v + 1/2*v**3 - 1/120*v**6 + 0 - 5/24*v**4 - 5*v**2. What is a(4)?
-17
Let a(s) be the third derivative of s**5/60 - 7*s**4/12 + 5*s**3/2 + 2*s**2 + 408*s. Calculate a(11).
-18
Let u be (-2)/(-6) + 20/(-6). Suppose -z + 2*b = -0*b - 3, -b = -1. Let q(r) = 1 + 10*r - 6*r - z*r. Calculate q(u).
4
Suppose 3*y = -y - 28. Let v = y - -10. Suppose -v*n - 10 = 8. Let c(l) = l**2 + 7*l + 9. Give c(n).
3
Let f = 3 - -2. Let r(y) = 13*y + 3 - 19*y + 5 - f. Calculate r(2).
-9
Let t(a) = a**2 - 5*a + 3. Let z(r) = -r**2 - 7*r + 6. Let m be z(-6). Let k be (2 - m/2) + 11. Suppose y - 3*n = -k, y - 4*n + 4 = -6. Determine t(y).
-3
Let c(t) be the second derivative of -3/2*t**2 + 1/6*t**3 - 4*t + 0. What is c(5)?
2
Let x(f) = -5 - 3*f**3 - 3*f**2 - 8*f**3 + 10*f**3 - 4*f**3. Let j(o) = -4*o**3 - 2*o**2 - 4. Let a(d) = -4*j(d) + 3*x(d). Determine a(-1).
-1
Let q(d) = -d**2 + 7*d - 3. Suppose -86 - 54 = -20*f. Calculate q(f).
-3
Suppose -4*k = 16 + 60. Let p = k - -17. Let d = -8 - p. Let u(z) = -z - 3. What is u(d)?
3
Let p(s) be the first derivative of -s**3/3 + s**2 - 66. Calculate p(3).
-3
Let x(i) = i**2 - i + 9. Let l = 50 + -52. Let c be -1*l/(-6)*0/2. Calculate x(c).
9
Let b(t) = t - 9. Let d(p) = p**3 - 19*p**2 - 2*p + 38. Let n be d(19). Give b(n).
-9
Let l(i) = -45335*i**2 + 45327*i**2 + 2*i + 2 - 2 + 3. Give l(-2).
-33
Let g(i) = i. Suppose 0 = w - 5*w + 12. Let y be 0 - (w - (-20)/4). Let l = y + 12. Give g(l).
4
Let w(i) = i**2 + i - 14. Suppose -2*h = -h + u + 3, -3 = 2*h + u. Calculate w(h).
-14
Let t(v) = 5*v - 1 - 2 - 6*v. Suppose -8*g + 278 = 118. Suppose -5*c = 5*n + g, -7 + 4 = 3*n. What is t(c)?
0
Let q(i) = -8*i - 5. Let z(l) = -8*l**2 + 4*l**2 + l**2 + 4*l**2. Let g(o) = q(o) - z(o). Suppose -4*f + f = 18. What is g(f)?
7
Let h(d) = 4*d**3 - 3*d**2 - 3*d - 9. Let m(l) = -l**3 + 2*l**2 + l + 1. Let g(c) = -h(c) - 5*m(c). Give g(7).
-10
Let u = -103 - -96. Let w(v) = 4*v + 4. Let c(d) = -7*d - 7. Let f(o) = 3*c(o) + 5*w(o). Give f(u).
6
Let d be 2/(-5) - 426/(-15). Let h = d + -26. Let z(y) = -y**3 + 2*y**2. Give z(h).
0
Let p be -4*(1 + 3/(-2)). Let m(v) = 3*v**2 - 1 + 5*v - 4 - v**3 + 2*v**p. Suppose 2*i + 12 = 4*i. What is m(i)?
-11
Let c(i) = 3*i**2 - 6*i + 7. Let u be c(2). Let y(p) = -3*p + 14. Give y(u).
-7
Let s(i) = -i**3 + 16*i**2 + 4. Suppose -b + 29 = 2*a, -4*b = 5*a - 50 - 18. Give s(a).
4
Let t(i) = 7*i + 5*i**2 - 4*i**2 + 6 - 2*i**2. Suppose -o = -44*l + 40*l - 27, 36 = 3*o - 3*l. Calculate t(o).
6
Let m(o) be the third derivative of 3*o**2 + 0 + 0*o + 1/24*o**5 + 1/2*o**3 + 0*o**4. Let r(l) be the first derivative of m(l). What is r(2)?
10
Let u(n) = -4*n - 1. Let g(o) = o**3 - 45*o**2 - 43*o - 135. Let h be g(46). What is u(h)?
-13
Suppose -18 - 42 = -5*w. Let n = 22 - w. Let c(j) = j**3 + 10 - 3*j**2 + n*j**2 + 9*j - 8*j. Determine c(-7).
3
Suppose -5*y = 2*v + 58, -2*y + 6*v - 22 = 8*v. Let k(l) = l + 21. Give k(y).
9
Let y(c) be the second derivative of c**4/12 - c**3/6 - 2*c**2 - c. Suppose 135*w - 132*w = 12. Calculate y(w).
8
Let t(f) = -19*f**3 - 7*f**2 - 11*f - 4. Let m(c) = 15*c**3 + 6*c**2 + 9*c + 3. Let v(w) = 5*m(w) + 4*t(w). Calculate v(2).
1
Let g(r) = -12*r + 122. Let l be g(10). Let c(s) be the first derivative of 1/2*s**l - 2 - 3*s. Give c(6).
3
Let y(d) = -2*d + 28. Let i = 981 - 968. Give y(i).
2
Let b(i) = -i**2 - 13*i + 28. Let x(d) = -d - 2. Let k(f) = -b(f) + 5*x(f). Determine k(-11).
-5
Let c(q) = -3*q + 27*q**2 - 28*q**2 + 5*q + 6*q - 5. Let n be c(6). Let h(j) = -j - 9. Give h(n).
-16
Let c(w) = w**2 - 9*w + 5. Let g(a) = -2*a**2 + 19*a - 10. Let m(q) = 5*c(q) + 3*g(q). Determine m(10).
15
Let f(y) = 10 + y + y**2 - 10. Let h(l) = -9*l**2 + 226*l - 24. Let c be h(25). Calculate f(c).
2
Let u(j) be the first derivative of -3*j**2/2 - 4*j - 125. Calculate u(-7).
17
Let b(i) = i**3 + 9*i**2 + 7*i - 2. Suppose 5*y - 105 = -0*y. Let s = -29 + y. Calculate b(s).
6
Suppose 0*i + 3*i = t - 58, 0 = -3*i - 3*t - 54. Let z = i + 16. Let f(j) = -j**3 - 4*j**2 - 3*j + 1. What is f(z)?
1
Suppose 4*t + 0*t + 3*r + 14 = 0, -12 = 4*t + 2*r. Let f(w) = -29*w**2 - w + 8. Let v(y) = 7*y**2 - 2. Let c(l) = t*f(l) - 9*v(l). Determine c(2).
-14
Let v = 56 + -55. Let r(i) = 4*i**3 - i**2 + i - 1. Calculate r(v).
3
Let r(l) = -10*l - l**3 - 5*l**2 + 3*l + 5 + 2*l**3 + l**2. Let b(o) = o**3 - 5*o**2 - o - 25. Let s be b(6). What is r(s)?
-5
Let a(t) = -22*t - 26*t - 17 + 47*t + 14. Suppose j + 16 = -j. Calculate a(j).
5
Suppose -48*g + 21 - 8 + 35 = 0. Let c(l) = 16*l**3 - 17*l**2 - 9*l - 5. Let q(k) = -4*k**3 + 4*k**2 + 2*k + 1. Let j(h) = 2*c(h) + 9*q(h). Give j(g).
-3
Let q(y) = -y**3 + 10*y**2 - 3*y + 28. Let x be q(10). Let u(b) = b**3 + 5*b**2 + 6*b + 2. What is u(x)?
2
Let j(r) be the first derivative of r**3/3 + 5*r**2/2 - 6*r - 140. Suppose 2*f + 1 + 1 = 0, -4*g = f + 21. Calculate j(g).
-6
Suppose 0 = c + 6 - 3, -2*q + 33 = -c. Suppose q = 5*p, 2*v + 0*v + 8 = 4*p. Let d be 4 + 4 + (-12 - v). Let t(o) = -o - 6. What is t(d)?
0
Let m(o) = o. Let j(l) = -l**2 - 16*l - 8. Let k(w) = -j(w) - 4*m(w). Let y be k(-11). Let p(z) = -z**3 - 2*z**2 + z - 3. Give p(y).
3
Let z(v) = -v. Suppose -2*q = q - 33. Let w = q - 14. Let m(f) = -f**3 + 2*f**2 - 4*f. Let b(d) = w*z(d) + m(d). Calculate b(3).
-12
Let a(w) = -w**2 - 6*w + 1. Suppose 5*l + 32 = -5*h - 18, -4*l = 20. Let y be a(h). Let x(f) = f - 3*f - y - 27*f**3 + 6*f**2 + 28*f**3. Give x(-6).
6
Suppose -4*w + 22 = 10. Let k(l) = -l - 3. Let o(t) = -3. Let f(z) = -2*k(z) + 3*o(z). Let y(x) = -4*x + 6. Let b(c) = 5*f(c) + 2*y(c). Calculate b(w).
3
Let z be (1 - 2) + -13 + 22. Let d(i) = 0*i**2 - z*i + 6*i + 2*i**2 - i**3. Let s be (6 - -3) + -3 + -3. Calculate d(s).
-15
Let j(p) = p**2 + 3*p + 4. Let d(r) be the second derivative of -r**3/3 - 29*r**2/2 + 15*r. Let y be d(-13). What is j(y)?
4
Let n(s) = s**2 - 7*s + 12. Let b(f) = f**2 - 8*f + 14. Let x(w) = -6*b(w) + 7*n(w). Calculate x(-2).
6
Let d(z) = z**3 + 5*z**2 + 4*z + 4. Let a(y) be the second derivative of -y**5/20 + y**4 - 2*y**3 + 7*y**2/2 - 16*y. Let r be a(11). Give d(r).
4
Let r = -6 - -10. Let t(v) = 14*v**3 - 26*v**2 + v - 6. Let i(l) = -5*l**3 + 9*l**2 + 2. Let o(p) = 11*i(p) + 4*t(p). What is o(r)?
-2
Let r = -2248 + 2264. Let v(g) = 3*g - 19. Give v(r).
29
Let a(n) be the first derivative of n**3/3 + 7*n**2/2 + 7*n + 10. Suppose 0 = -0*z + 5*z. Suppose -4*s = 2*d - z*d, 4*s = -5*d - 18. What is a(d)?
1
Let h(i) be the second derivative of i**4/12 + i**3/6 + 2*i**2 + i - 111. What is h(0)?
4
Let k(v) be the third derivative of 0 + 0*v - 7*v**2 + 1/8*v**4 - 1/3*v**3. Suppose -4*o + 4 - 18 = -u, -o - 3 = 0. What is k(u)?
4
Let m be (14/(-56))/(1/(-4)). Let s(k) = k**2 - 13*k + 3*k**2 + m - k**2 - 2*k**2. Calculate s(13).
1
Suppose 2*w = -4*k + 18, 3*w